{"version":"1.0","provider_name":"Damask &amp; Dentelle","provider_url":"https:\/\/damasketdentelle.com","author_name":"Vanessa Sicotte","author_url":"https:\/\/damasketdentelle.com\/index.php\/author\/vanessa\/","title":"Espace Vy: Le\u00e7on en stylisme \u00e9co-conscient - Interior design ideas | Home decor blog","type":"rich","width":600,"height":338,"html":"<blockquote class=\"wp-embedded-content\" data-secret=\"YDmtiv0jIS\"><a href=\"https:\/\/damasketdentelle.com\/index.php\/2024\/01\/espace-vy-lecon-en-stylisme-eco-conscient\/\">Espace Vy: Le\u00e7on en stylisme \u00e9co-conscient<\/a><\/blockquote><iframe sandbox=\"allow-scripts\" security=\"restricted\" src=\"https:\/\/damasketdentelle.com\/index.php\/2024\/01\/espace-vy-lecon-en-stylisme-eco-conscient\/embed\/#?secret=YDmtiv0jIS\" width=\"600\" height=\"338\" title=\"&#8220;Espace Vy: Le\u00e7on en stylisme \u00e9co-conscient&#8221; &#8212; Damask &amp; Dentelle\" data-secret=\"YDmtiv0jIS\" frameborder=\"0\" marginwidth=\"0\" marginheight=\"0\" scrolling=\"no\" class=\"wp-embedded-content\"><\/iframe><script type=\"text\/javascript\">\n\/* <![CDATA[ *\/\n\/*! This file is auto-generated *\/\n!function(d,l){\"use strict\";l.querySelector&&d.addEventListener&&\"undefined\"!=typeof URL&&(d.wp=d.wp||{},d.wp.receiveEmbedMessage||(d.wp.receiveEmbedMessage=function(e){var t=e.data;if((t||t.secret||t.message||t.value)&&!\/[^a-zA-Z0-9]\/.test(t.secret)){for(var s,r,n,a=l.querySelectorAll('iframe[data-secret=\"'+t.secret+'\"]'),o=l.querySelectorAll('blockquote[data-secret=\"'+t.secret+'\"]'),c=new RegExp(\"^https?:$\",\"i\"),i=0;i<o.length;i++)o[i].style.display=\"none\";for(i=0;i<a.length;i++)s=a[i],e.source===s.contentWindow&&(s.removeAttribute(\"style\"),\"height\"===t.message?(1e3<(r=parseInt(t.value,10))?r=1e3:~~r<200&&(r=200),s.height=r):\"link\"===t.message&&(r=new URL(s.getAttribute(\"src\")),n=new URL(t.value),c.test(n.protocol))&&n.host===r.host&&l.activeElement===s&&(d.top.location.href=t.value))}},d.addEventListener(\"message\",d.wp.receiveEmbedMessage,!1),l.addEventListener(\"DOMContentLoaded\",function(){for(var e,t,s=l.querySelectorAll(\"iframe.wp-embedded-content\"),r=0;r<s.length;r++)(t=(e=s[r]).getAttribute(\"data-secret\"))||(t=Math.random().toString(36).substring(2,12),e.src+=\"#?secret=\"+t,e.setAttribute(\"data-secret\",t)),e.contentWindow.postMessage({message:\"ready\",secret:t},\"*\")},!1)))}(window,document);\n\/\/# sourceURL=https:\/\/blog.damasketdentelle.com\/wp-includes\/js\/wp-embed.min.js\n\/* ]]> *\/\n<\/script>\n","thumbnail_url":"https:\/\/blog.damasketdentelle.com\/wp-content\/uploads\/katarzyna-kos-x9WWtbFhbO8-unsplash.jpg","thumbnail_width":2048,"thumbnail_height":1360,"description":"J&#8217;ai eu le plaisir de m&#8217;entretenir avec Vicky Gagnon d&#8217;Espace Vy sur ce qu&#8217;est le stylisme \u00e9co-conscient et comment on peut int\u00e9grer certaines des tendances phares de l&#8217;ann\u00e9e dans notre garde-robe. Parle-moi un peu de toi, comment es-tu devenue styliste e\u0301co-consciente Je ne suis pas devenue styliste, je suis n\u00e9e styliste, l\u2019\u00e9co-conscience est arriv\u00e9 plus..."}

Espace Vy: Leçon en stylisme éco-conscient - Interior design ideas | Home decor blog

<blockquote class="wp-embedded-content" data-secret="YDmtiv0jIS"><a href="https://damasketdentelle.com/index.php/2024/01/espace-vy-lecon-en-stylisme-eco-conscient/">Espace Vy: Leçon en stylisme éco-conscient</a></blockquote><iframe sandbox="allow-scripts" security="restricted" src="https://damasketdentelle.com/index.php/2024/01/espace-vy-lecon-en-stylisme-eco-conscient/embed/#?secret=YDmtiv0jIS" width="600" height="338" title="&#8220;Espace Vy: Leçon en stylisme éco-conscient&#8221; &#8212; Damask &amp; Dentelle" data-secret="YDmtiv0jIS" frameborder="0" marginwidth="0" marginheight="0" scrolling="no" class="wp-embedded-content"></iframe><script type="text/javascript">
/* <![CDATA[ */
/*! This file is auto-generated */
!function(d,l){"use strict";l.querySelector&&d.addEventListener&&"undefined"!=typeof URL&&(d.wp=d.wp||{},d.wp.receiveEmbedMessage||(d.wp.receiveEmbedMessage=function(e){var t=e.data;if((t||t.secret||t.message||t.value)&&!/[^a-zA-Z0-9]/.test(t.secret)){for(var s,r,n,a=l.querySelectorAll('iframe[data-secret="'+t.secret+'"]'),o=l.querySelectorAll('blockquote[data-secret="'+t.secret+'"]'),c=new RegExp("^https?:$","i"),i=0;i<o.length;i++)o[i].style.display="none";for(i=0;i<a.length;i++)s=a[i],e.source===s.contentWindow&&(s.removeAttribute("style"),"height"===t.message?(1e3<(r=parseInt(t.value,10))?r=1e3:~~r<200&&(r=200),s.height=r):"link"===t.message&&(r=new URL(s.getAttribute("src")),n=new URL(t.value),c.test(n.protocol))&&n.host===r.host&&l.activeElement===s&&(d.top.location.href=t.value))}},d.addEventListener("message",d.wp.receiveEmbedMessage,!1),l.addEventListener("DOMContentLoaded",function(){for(var e,t,s=l.querySelectorAll("iframe.wp-embedded-content"),r=0;r<s.length;r++)(t=(e=s[r]).getAttribute("data-secret"))||(t=Math.random().toString(36).substring(2,12),e.src+="#?secret="+t,e.setAttribute("data-secret",t)),e.contentWindow.postMessage({message:"ready",secret:t},"*")},!1)))}(window,document);
//# sourceURL=https://blog.damasketdentelle.com/wp-includes/js/wp-embed.min.js
/* ]]> */
</script>

J&#8217;ai eu le plaisir de m&#8217;entretenir avec Vicky Gagnon d&#8217;Espace Vy sur ce qu&#8217;est le stylisme éco-conscient et comment on peut intégrer certaines des tendances phares de l&#8217;année dans notre garde-robe. Parle-moi un peu de toi, comment es-tu devenue styliste éco-consciente Je ne suis pas devenue styliste, je suis née styliste, l’éco-conscience est arrivé plus...
