{"id":27343,"date":"2022-05-06T08:52:03","date_gmt":"2022-05-06T12:52:03","guid":{"rendered":"https:\/\/damasketdentelle.com\/?page_id=27343"},"modified":"2024-10-09T11:06:00","modified_gmt":"2024-10-09T15:06:00","slug":"dans-les-medias","status":"publish","type":"page","link":"https:\/\/damasketdentelle.com\/index.php\/dans-les-medias\/","title":{"rendered":"Dans les m\u00e9dias"},"content":{"rendered":"<p><img loading=\"lazy\" decoding=\"async\" class=\"aligncenter size-full wp-image-27351\" src=\"https:\/\/blog.damasketdentelle.com\/wp-content\/uploads\/kam-idris-hYb7kbu4x7E-unsplash.jpg\" alt=\"\" width=\"1920\" height=\"2097\" srcset=\"https:\/\/blog.damasketdentelle.com\/wp-content\/uploads\/kam-idris-hYb7kbu4x7E-unsplash.jpg 1920w, https:\/\/blog.damasketdentelle.com\/wp-content\/uploads\/kam-idris-hYb7kbu4x7E-unsplash-412x450.jpg 412w, https:\/\/blog.damasketdentelle.com\/wp-content\/uploads\/kam-idris-hYb7kbu4x7E-unsplash-695x759.jpg 695w, https:\/\/blog.damasketdentelle.com\/wp-content\/uploads\/kam-idris-hYb7kbu4x7E-unsplash-768x839.jpg 768w, https:\/\/blog.damasketdentelle.com\/wp-content\/uploads\/kam-idris-hYb7kbu4x7E-unsplash-1406x1536.jpg 1406w, https:\/\/blog.damasketdentelle.com\/wp-content\/uploads\/kam-idris-hYb7kbu4x7E-unsplash-1875x2048.jpg 1875w\" sizes=\"auto, (max-width: 1920px) 100vw, 1920px\" \/><\/p>\n<p>Vous voulez en lire davantage? Retrouvez la plume de Vanessa sur ces autres plateformes.<\/p>\n<h3>LA PRESSE<\/h3>\n<p><a href=\"https:\/\/www.lapresse.ca\/maison\/decoration\/2024-10-05\/piece-iconique\/le-charme-discret-de-l-elephant.php\">Pi\u00e8ce iconique: Le charme discret de l&#8217;\u00e9l\u00e9phant<\/a> (5 octobre 2024)<\/p>\n<p><a href=\"https:\/\/www.lapresse.ca\/maison\/decoration\/2023-07-15\/piece-iconique\/assez-fort-pour-les-enfants-mais-adopte-par-tous.php\">Pi\u00e8ce iconique: Assez fort pour les enfants&#8230; mais adopt\u00e9 par tous<\/a> (18 juillet 2023)<\/p>\n<p><a href=\"https:\/\/www.lapresse.ca\/maison\/decoration\/2023-01-22\/place-a-la-fougue-de-viva-magenta.php\">Place \u00e0 la fougue: Viva Magenta<\/a> (22 janvier 2023)<\/p>\n<p><a href=\"https:\/\/www.lapresse.ca\/maison\/decoration\/2022-02-02\/quand-les-livres-s-emparent-du-decor.php\">Quand les livres d&#8217;emparent du d\u00e9cor<\/a> (2 f\u00e9vrier 2022)<\/p>\n<p><a href=\"https:\/\/www.lapresse.ca\/maison\/2022-01-30\/des-balados-pour-parler-de-design.php\">Des balados pour parler de design<\/a> (30 janvier 2022)<\/p>\n<p><a href=\"https:\/\/www.lapresse.ca\/maison\/cour-et-jardin\/2020-08-13\/recevoir-dehors-le-projet-pandemie.php\">Recevoir dehors: le projet pand\u00e9mie<\/a> (13 ao\u00fbt 2020)<\/p>\n<p><a href=\"https:\/\/www.lapresse.ca\/maison\/decoration\/2019-09-22\/meubles-d-occasion-comment-trouver-les-bons-morceaux\">Meubles d&#8217;occasion: comment trouver les bons morceaux<\/a> (22 septembre 2019)<\/p>\n<p><a href=\"https:\/\/www.lapresse.ca\/maison\/decoration\/2019-09-22\/donner-une-deuxieme-vie-aux-objets\">Donner une deuxi\u00e8me vie aux objets<\/a> (22 septembre 2019)<\/p>\n<p>&nbsp;<\/p>\n<h3>COUP DE POUCE<\/h3>\n<p><a href=\"https:\/\/www.coupdepouce.com\/maison\/decoration\/article\/des-sites-deco-pour-s-inspirer\">Des sites d\u00e9co pour s\u2019inspirer <\/a>(7 mars 2011)<\/p>\n<p><a href=\"https:\/\/www.coupdepouce.com\/maison\/decoration\/article\/deco-les-tendances-2011\">D\u00e9co: les tendances 2011<\/a> (7 f\u00e9vrier 2011)<\/p>\n<p>D\u2019une chambre d\u2019enfant \u00e0 une chambre d\u2019ado (17 janvier 2011)<\/p>\n<p>&nbsp;<\/p>\n<h3>ELLE QU\u00c9BEC<\/h3>\n<p><a href=\"https:\/\/www.ellequebec.com\/style-de-vie\/art-et-design\/salon-maisonobjet-5-designers-emergents-a-surveiller\">Salon Maison&amp;Objet: 5 designers e\u0301mergents \u00e0 surveiller<\/a> (27 mai 2020)<\/p>\n<p>&nbsp;<\/p>\n<h3><a href=\"https:\/\/www.energir.com\/blogue\/author\/vsicotte\/\">BLOGUE \u00c9NERGIR<\/a><\/h3>\n<p>Certains articles chouchous:<\/p>\n<p><a href=\"https:\/\/www.energir.com\/blogue\/communaute\/mon-defi-10-jours-sans-dechets\/\">Mon d\u00e9fi, 10 jours sans d\u00e9chets<\/a> (17 avril 2019)<\/p>\n<p><a href=\"https:\/\/www.energir.com\/blogue\/ma-maison\/est-ce-possible-de-faire-un-toit-vert-nimporte-ou\/\">Est-ce possible de faire un toit vert n\u2019importe o\u00f9?<\/a> (12 juillet 2018)<\/p>\n<p><a href=\"https:\/\/www.energir.com\/blogue\/communaute\/ruches-a-maison-aider-abeilles-nuire\/\">Ruches \u00e0 la maison : Comment aider les abeilles sans vous nuire<\/a> (22 mai 2018)<\/p>\n<p><a href=\"https:\/\/www.energir.com\/blogue\/ma-maison\/connaissez-styles-deco\/\">Quiz : D\u00e9couvrez les styles d\u00e9co!<\/a> (14 mars 2018)<\/p>\n<h3><\/h3>\n<h3>LE BEL \u00c2GE<\/h3>\n<p><a href=\"https:\/\/www.lebelage.ca\/mes-loisirs\/10-tendances-deco-a-surveiller-en-2020\">10 tendances d\u00e9co \u00e0 surveiller en 2020\u00a0<\/a><\/p>\n<p>&nbsp;<\/p>\n<h3><a href=\"http:\/\/www.mamanpourlavie.com\/specialistes\/473-vanessa-sicotte\">MAMAN POUR LA VIE<\/a><\/h3>\n<p>Certains articles chouchous:<\/p>\n<p><a href=\"https:\/\/www.mamanpourlavie.com\/loisirs-creatifs\/decoration-interieure\/15641-de-la-fantaisie-dans-la-chambre-des-enfants-pour-no-l.thtml\">De la fantaisie dans la chambre des enfants pour No\u00ebl<\/a> (19 novembre 2021)<\/p>\n<p><a href=\"https:\/\/www.mamanpourlavie.com\/jeux-fetes-activites\/anniversaires\/15017-5-id-es-pour-un-super-pyjama-party.thtml\">5 id\u00e9es pour un super pyjama party<\/a> (19 ao\u00fbt 2021)<\/p>\n<p><a href=\"https:\/\/www.mamanpourlavie.com\/loisirs-creatifs\/decoration-interieure\/14601-chambre-partag-e-5-astuces-pour-faire-r-gner-l-harmonie.thtml\">Chambre partag\u00e9e : 5 astuces pour faire r\u00e9gner l\u2019harmonie<\/a> (4 avril 2018)<\/p>\n<p>&nbsp;<\/p>\n<h3><a href=\"https:\/\/www.clindoeil.ca\/auteur\/vanessa-sicotte\">CLIN D&#8217;OEIL<\/a><\/h3>\n<p>Certains articles chouchous:<\/p>\n<p><a href=\"https:\/\/www.clindoeil.ca\/2020\/01\/22\/decouvrez-le-courant-slow-living\">D\u00e9couvres le courant &#8220;slow living&#8221;<\/a> (22 janvier 2020)<\/p>\n<p><a href=\"https:\/\/www.clindoeil.ca\/2022\/01\/13\/5-tendances-ecolos-pour-bien-debuter-lannee\">5 tendances \u00e9colos pour bien d\u00e9buter l&#8217;ann\u00e9e<\/a> (13 janvier 2022)<\/p>\n<p>&nbsp;<\/p>\n<h3>ID\u00c9ES DE MA MAISON<\/h3>\n<p>Lisez la chronique \u00e9co-responsable de Vanessa, \u00e0 tous les mois, dans les pages des Id\u00e9es de ma maison.<\/p>\n<p><img loading=\"lazy\" decoding=\"async\" class=\"aligncenter size-full wp-image-27047\" src=\"https:\/\/blog.damasketdentelle.com\/wp-content\/uploads\/IDMM_juin2021-scaled.jpg\" alt=\"\" width=\"2560\" height=\"1614\" srcset=\"https:\/\/blog.damasketdentelle.com\/wp-content\/uploads\/IDMM_juin2021-scaled.jpg 2560w, https:\/\/blog.damasketdentelle.com\/wp-content\/uploads\/IDMM_juin2021-450x284.jpg 450w, https:\/\/blog.damasketdentelle.com\/wp-content\/uploads\/IDMM_juin2021-695x438.jpg 695w, https:\/\/blog.damasketdentelle.com\/wp-content\/uploads\/IDMM_juin2021-768x484.jpg 768w, https:\/\/blog.damasketdentelle.com\/wp-content\/uploads\/IDMM_juin2021-1536x969.jpg 1536w, https:\/\/blog.damasketdentelle.com\/wp-content\/uploads\/IDMM_juin2021-2048x1291.jpg 2048w\" sizes=\"auto, (max-width: 2560px) 100vw, 2560px\" \/><\/p>\n<p><img loading=\"lazy\" decoding=\"async\" class=\"aligncenter size-full wp-image-27363\" src=\"https:\/\/blog.damasketdentelle.com\/wp-content\/uploads\/Screen-Shot-2022-05-09-at-8.58.00-AM.jpg\" alt=\"Les idees de ma maison par Vanessa Sicotte_jui\" width=\"2048\" height=\"1298\" srcset=\"https:\/\/blog.damasketdentelle.com\/wp-content\/uploads\/Screen-Shot-2022-05-09-at-8.58.00-AM.jpg 2048w, https:\/\/blog.damasketdentelle.com\/wp-content\/uploads\/Screen-Shot-2022-05-09-at-8.58.00-AM-450x285.jpg 450w, https:\/\/blog.damasketdentelle.com\/wp-content\/uploads\/Screen-Shot-2022-05-09-at-8.58.00-AM-695x440.jpg 695w, https:\/\/blog.damasketdentelle.com\/wp-content\/uploads\/Screen-Shot-2022-05-09-at-8.58.00-AM-768x487.jpg 768w, https:\/\/blog.damasketdentelle.com\/wp-content\/uploads\/Screen-Shot-2022-05-09-at-8.58.00-AM-1536x974.jpg 1536w\" sizes=\"auto, (max-width: 2048px) 100vw, 2048px\" \/><\/p>\n","protected":false},"excerpt":{"rendered":"<p>Vous voulez en lire davantage? Retrouvez la plume de Vanessa sur ces autres plateformes. LA PRESSE Pi\u00e8ce iconique: Le charme discret de l&#8217;\u00e9l\u00e9phant (5 octobre 2024) Pi\u00e8ce iconique: Assez fort pour les enfants&#8230; mais adopt\u00e9 par tous (18 juillet 2023) Place \u00e0 la fougue: Viva Magenta (22 janvier 2023) Quand les livres d&#8217;emparent du d\u00e9cor&#8230;<\/p>\n<p><a class=\"more-link\" href=\"https:\/\/damasketdentelle.com\/index.php\/dans-les-medias\/\">Read More<\/a><\/p>","protected":false},"author":1,"featured_media":27351,"parent":0,"menu_order":0,"comment_status":"closed","ping_status":"closed","template":"","meta":{"_genesis_hide_title":false,"_genesis_hide_breadcrumbs":false,"_genesis_hide_singular_image":false,"_genesis_hide_footer_widgets":false,"_genesis_custom_body_class":"","_genesis_custom_post_class":"","_genesis_layout":"","footnotes":""},"class_list":{"0":"post-27343","1":"page","2":"type-page","3":"status-publish","4":"has-post-thumbnail","6":"entry"},"yoast_head":"<!-- This site is optimized with the Yoast SEO plugin v26.1.1 - https:\/\/yoast.com\/wordpress\/plugins\/seo\/ -->\n<title>Dans les m\u00e9dias - Damask &amp; Dentelle<\/title>\n<meta name=\"robots\" content=\"index, follow, max-snippet:-1, max-image-preview:large, max-video-preview:-1\" \/>\n<link rel=\"canonical\" href=\"https:\/\/damasketdentelle.com\/index.php\/dans-les-medias\/\" \/>\n<meta property=\"og:locale\" content=\"en_US\" \/>\n<meta property=\"og:type\" content=\"article\" \/>\n<meta property=\"og:title\" content=\"Dans les m\u00e9dias - Damask &amp; Dentelle\" \/>\n<meta property=\"og:description\" content=\"Vous voulez en lire davantage? Retrouvez la plume de Vanessa sur ces autres plateformes. LA PRESSE Pi\u00e8ce iconique: Le charme discret de l&#8217;\u00e9l\u00e9phant (5 octobre 2024) Pi\u00e8ce iconique: Assez fort pour les enfants&#8230; mais adopt\u00e9 par tous (18 juillet 2023) Place \u00e0 la fougue: Viva Magenta (22 janvier 2023) Quand les livres d&#8217;emparent du d\u00e9cor...\" \/>\n<meta property=\"og:url\" content=\"https:\/\/damasketdentelle.com\/index.php\/dans-les-medias\/\" \/>\n<meta property=\"og:site_name\" content=\"Damask &amp; Dentelle\" \/>\n<meta property=\"article:publisher\" content=\"https:\/\/www.facebook.com\/damasketdentelle\" \/>\n<meta property=\"article:modified_time\" content=\"2024-10-09T15:06:00+00:00\" \/>\n<meta property=\"og:image\" content=\"https:\/\/blog.damasketdentelle.com\/wp-content\/uploads\/kam-idris-hYb7kbu4x7E-unsplash.jpg\" \/>\n\t<meta property=\"og:image:width\" content=\"1920\" \/>\n\t<meta property=\"og:image:height\" content=\"2097\" \/>\n\t<meta property=\"og:image:type\" content=\"image\/jpeg\" \/>\n<meta name=\"twitter:label1\" content=\"Est. reading time\" \/>\n\t<meta name=\"twitter:data1\" content=\"3 minutes\" \/>\n<script type=\"application\/ld+json\" class=\"yoast-schema-graph\">{\"@context\":\"https:\/\/schema.org\",\"@graph\":[{\"@type\":\"WebPage\",\"@id\":\"https:\/\/damasketdentelle.com\/index.php\/dans-les-medias\/\",\"url\":\"https:\/\/damasketdentelle.com\/index.php\/dans-les-medias\/\",\"name\":\"Dans les m\u00e9dias - Damask &amp; Dentelle\",\"isPartOf\":{\"@id\":\"https:\/\/damasketdentelle.com\/#website\"},\"primaryImageOfPage\":{\"@id\":\"https:\/\/damasketdentelle.com\/index.php\/dans-les-medias\/#primaryimage\"},\"image\":{\"@id\":\"https:\/\/damasketdentelle.com\/index.php\/dans-les-medias\/#primaryimage\"},\"thumbnailUrl\":\"https:\/\/blog.damasketdentelle.com\/wp-content\/uploads\/kam-idris-hYb7kbu4x7E-unsplash.jpg\",\"datePublished\":\"2022-05-06T12:52:03+00:00\",\"dateModified\":\"2024-10-09T15:06:00+00:00\",\"breadcrumb\":{\"@id\":\"https:\/\/damasketdentelle.com\/index.php\/dans-les-medias\/#breadcrumb\"},\"inLanguage\":\"en-US\",\"potentialAction\":[{\"@type\":\"ReadAction\",\"target\":[\"https:\/\/damasketdentelle.com\/index.php\/dans-les-medias\/\"]}]},{\"@type\":\"ImageObject\",\"inLanguage\":\"en-US\",\"@id\":\"https:\/\/damasketdentelle.com\/index.php\/dans-les-medias\/#primaryimage\",\"url\":\"https:\/\/blog.damasketdentelle.com\/wp-content\/uploads\/kam-idris-hYb7kbu4x7E-unsplash.jpg\",\"contentUrl\":\"https:\/\/blog.damasketdentelle.com\/wp-content\/uploads\/kam-idris-hYb7kbu4x7E-unsplash.jpg\",\"width\":1920,\"height\":2097},{\"@type\":\"BreadcrumbList\",\"@id\":\"https:\/\/damasketdentelle.com\/index.php\/dans-les-medias\/#breadcrumb\",\"itemListElement\":[{\"@type\":\"ListItem\",\"position\":1,\"name\":\"Home\",\"item\":\"https:\/\/damasketdentelle.com\/\"},{\"@type\":\"ListItem\",\"position\":2,\"name\":\"Dans les m\u00e9dias\"}]},{\"@type\":\"WebSite\",\"@id\":\"https:\/\/damasketdentelle.com\/#website\",\"url\":\"https:\/\/damasketdentelle.com\/\",\"name\":\"Damask &amp; Dentelle\",\"description\":\"Storytelling, Design and urban manifestos\",\"potentialAction\":[{\"@type\":\"SearchAction\",\"target\":{\"@type\":\"EntryPoint\",\"urlTemplate\":\"https:\/\/damasketdentelle.com\/?s={search_term_string}\"},\"query-input\":{\"@type\":\"PropertyValueSpecification\",\"valueRequired\":true,\"valueName\":\"search_term_string\"}}],\"inLanguage\":\"en-US\"}]}<\/script>\n<!-- \/ Yoast SEO plugin. -->","yoast_head_json":{"title":"Dans les m\u00e9dias - Damask &amp; Dentelle","robots":{"index":"index","follow":"follow","max-snippet":"max-snippet:-1","max-image-preview":"max-image-preview:large","max-video-preview":"max-video-preview:-1"},"canonical":"https:\/\/damasketdentelle.com\/index.php\/dans-les-medias\/","og_locale":"en_US","og_type":"article","og_title":"Dans les m\u00e9dias - Damask &amp; Dentelle","og_description":"Vous voulez en lire davantage? Retrouvez la plume de Vanessa sur ces autres plateformes. LA PRESSE Pi\u00e8ce iconique: Le charme discret de l&#8217;\u00e9l\u00e9phant (5 octobre 2024) Pi\u00e8ce iconique: Assez fort pour les enfants&#8230; mais adopt\u00e9 par tous (18 juillet 2023) Place \u00e0 la fougue: Viva Magenta (22 janvier 2023) Quand les livres d&#8217;emparent du d\u00e9cor...","og_url":"https:\/\/damasketdentelle.com\/index.php\/dans-les-medias\/","og_site_name":"Damask &amp; Dentelle","article_publisher":"https:\/\/www.facebook.com\/damasketdentelle","article_modified_time":"2024-10-09T15:06:00+00:00","og_image":[{"width":1920,"height":2097,"url":"https:\/\/blog.damasketdentelle.com\/wp-content\/uploads\/kam-idris-hYb7kbu4x7E-unsplash.jpg","type":"image\/jpeg"}],"twitter_misc":{"Est. reading time":"3 minutes"},"schema":{"@context":"https:\/\/schema.org","@graph":[{"@type":"WebPage","@id":"https:\/\/damasketdentelle.com\/index.php\/dans-les-medias\/","url":"https:\/\/damasketdentelle.com\/index.php\/dans-les-medias\/","name":"Dans les m\u00e9dias - Damask &amp; Dentelle","isPartOf":{"@id":"https:\/\/damasketdentelle.com\/#website"},"primaryImageOfPage":{"@id":"https:\/\/damasketdentelle.com\/index.php\/dans-les-medias\/#primaryimage"},"image":{"@id":"https:\/\/damasketdentelle.com\/index.php\/dans-les-medias\/#primaryimage"},"thumbnailUrl":"https:\/\/blog.damasketdentelle.com\/wp-content\/uploads\/kam-idris-hYb7kbu4x7E-unsplash.jpg","datePublished":"2022-05-06T12:52:03+00:00","dateModified":"2024-10-09T15:06:00+00:00","breadcrumb":{"@id":"https:\/\/damasketdentelle.com\/index.php\/dans-les-medias\/#breadcrumb"},"inLanguage":"en-US","potentialAction":[{"@type":"ReadAction","target":["https:\/\/damasketdentelle.com\/index.php\/dans-les-medias\/"]}]},{"@type":"ImageObject","inLanguage":"en-US","@id":"https:\/\/damasketdentelle.com\/index.php\/dans-les-medias\/#primaryimage","url":"https:\/\/blog.damasketdentelle.com\/wp-content\/uploads\/kam-idris-hYb7kbu4x7E-unsplash.jpg","contentUrl":"https:\/\/blog.damasketdentelle.com\/wp-content\/uploads\/kam-idris-hYb7kbu4x7E-unsplash.jpg","width":1920,"height":2097},{"@type":"BreadcrumbList","@id":"https:\/\/damasketdentelle.com\/index.php\/dans-les-medias\/#breadcrumb","itemListElement":[{"@type":"ListItem","position":1,"name":"Home","item":"https:\/\/damasketdentelle.com\/"},{"@type":"ListItem","position":2,"name":"Dans les m\u00e9dias"}]},{"@type":"WebSite","@id":"https:\/\/damasketdentelle.com\/#website","url":"https:\/\/damasketdentelle.com\/","name":"Damask &amp; Dentelle","description":"Storytelling, Design and urban manifestos","potentialAction":[{"@type":"SearchAction","target":{"@type":"EntryPoint","urlTemplate":"https:\/\/damasketdentelle.com\/?s={search_term_string}"},"query-input":{"@type":"PropertyValueSpecification","valueRequired":true,"valueName":"search_term_string"}}],"inLanguage":"en-US"}]}},"_links":{"self":[{"href":"https:\/\/damasketdentelle.com\/index.php\/wp-json\/wp\/v2\/pages\/27343","targetHints":{"allow":["GET"]}}],"collection":[{"href":"https:\/\/damasketdentelle.com\/index.php\/wp-json\/wp\/v2\/pages"}],"about":[{"href":"https:\/\/damasketdentelle.com\/index.php\/wp-json\/wp\/v2\/types\/page"}],"author":[{"embeddable":true,"href":"https:\/\/damasketdentelle.com\/index.php\/wp-json\/wp\/v2\/users\/1"}],"replies":[{"embeddable":true,"href":"https:\/\/damasketdentelle.com\/index.php\/wp-json\/wp\/v2\/comments?post=27343"}],"version-history":[{"count":13,"href":"https:\/\/damasketdentelle.com\/index.php\/wp-json\/wp\/v2\/pages\/27343\/revisions"}],"predecessor-version":[{"id":27826,"href":"https:\/\/damasketdentelle.com\/index.php\/wp-json\/wp\/v2\/pages\/27343\/revisions\/27826"}],"wp:featuredmedia":[{"embeddable":true,"href":"https:\/\/damasketdentelle.com\/index.php\/wp-json\/wp\/v2\/media\/27351"}],"wp:attachment":[{"href":"https:\/\/damasketdentelle.com\/index.php\/wp-json\/wp\/v2\/media?parent=27343"}],"curies":[{"name":"wp","href":"https:\/\/api.w.org\/{rel}","templated":true}]}}